{"id":29,"date":"2014-03-15T22:31:14","date_gmt":"2014-03-15T20:31:14","guid":{"rendered":"http:\/\/hojas.co.at\/blog\/?page_id=29"},"modified":"2021-03-30T16:59:09","modified_gmt":"2021-03-30T14:59:09","slug":"nvda","status":"publish","type":"page","link":"http:\/\/hojas.co.at\/blog\/nvda\/","title":{"rendered":"Mailinglisten"},"content":{"rendered":"<h2>Mailinglisten und Webverzeichnisse<\/h2>\n<p>Eine Mailingliste (engl. <em>mailing list<\/em>) bietet einer geschlossenen Gruppe von Menschen die M\u00f6glichkeit zum Nachrichtenaustausch in Briefform, also eine Vernetzung mit elektronischen Mitteln. Dieser Nachrichtenaustausch ist innerhalb der Gruppe \u00f6ffentlich. Besonders h\u00e4ufig sind Mailinglisten im <a href=\"https:\/\/de.wikipedia.org\/wiki\/Internet\">Internet<\/a>, wo sie mittels <a href=\"https:\/\/de.wikipedia.org\/wiki\/E-Mail\">E-Mail<\/a> realisiert werden. Mailinglisten sind historisch die Urform von <a href=\"https:\/\/de.wikipedia.org\/wiki\/Newsgroup\">Newsgroups<\/a> und <a href=\"https:\/\/de.wikipedia.org\/wiki\/Internetforum\">Internetforen<\/a>, f\u00fcr bestimmte Zwecke aber auch heute noch das Mittel der Wahl.<\/p>\n<p>Mailinglisten werden zur multidirektionalen Kommunikation zwischen eher gleichberechtigten Teilnehmern eingesetzt. Der Unterschied zu <a href=\"https:\/\/de.wikipedia.org\/wiki\/Newsletter\">Newslettern<\/a> und <a href=\"https:\/\/de.wikipedia.org\/wiki\/Rundschreiben\">Rundschreiben<\/a> besteht darin, dass letztere eher einen unidirektionalen Verteiler von Nachrichten einer einzelnen Quelle darstellen. Graduelle Abweichungen von diesen Grunds\u00e4tzen existieren, so dass die \u00dcberg\u00e4nge zwischen Mailingliste und Newsletter flie\u00dfend sind.<\/p>\n<p>&nbsp;<\/p>\n<p>Es gibt eine Sammlung von Maillinglisten f\u00fcr (fast) alle Lebensbereiche im Internet. Die 2 bekanntesten f\u00fcr uns sind die Maillinglisten auf ml4free und blinzeln.<\/p>\n<p>Link zur Sammlung der Mailinglisten auf ml4free.de: <a href=\"http:\/\/www.ml4free.de\/mailman\/listinfo\">http:\/\/www.ml4free.de\/mailman\/listinfo<\/a><\/p>\n<p>Link zur Sammlung der Mailinglisten auf Blinzeln.net: <a href=\"http:\/\/www.blindzeln.net\/mailman\/listinfo\">http:\/\/www.blindzeln.net\/mailman\/listinfo<\/a><\/p>\n<p>Pinwand-Online ist keine Maillingliste, enth\u00e4lt aber viele informative und weiterf\u00fchrende Links.<\/p>\n<p>Link zu Pinwand-Online: <a href=\"http:\/\/www.pinwand-online.de\/\">http:\/\/www.pinwand-online.de\/<\/a><\/p>\n<div>\n<h2 id=\"cc-m-header-9357303221\" class=\"\">Handicap@Netzwerk<\/h2>\n<\/div>\n<div id=\"cc-m-9357311321\" class=\"j-module n j-text \">Willkommen beim Gr\u00f6\u00dften Social Media Netzwerk f\u00fcr Menschen mit Handicap. Hier findest Du alles wissenswerte \u00fcber unser Netzwerk.\u00a0 Wir betreiben und organisieren 22 Facebook, 10 G+ und 12 WhatsApp\u00a0Gruppen. Nutze unsere kostenlosen Angebote um neue nette Leute kennen zu lernen oder werde selber aktiv bei uns im Netzwerk.<\/div>\n<p><a href=\"https:\/\/handicapatlove.jimdo.com\/\">Link zur Seite von Handicap@Netzwerk<\/a><\/p>\n<p>&nbsp;<\/p>\n","protected":false},"excerpt":{"rendered":"<p>Mailinglisten und Webverzeichnisse Eine Mailingliste (engl. mailing list) bietet einer geschlossenen Gruppe von Menschen die M\u00f6glichkeit zum Nachrichtenaustausch in Briefform, also eine Vernetzung mit elektronischen Mitteln. Dieser Nachrichtenaustausch ist innerhalb&#8230; <a class=\"read-more-button\" href=\"http:\/\/hojas.co.at\/blog\/nvda\/\">Lesen Sie mehr &gt;<\/a><\/p>\n","protected":false},"author":1,"featured_media":0,"parent":0,"menu_order":0,"comment_status":"open","ping_status":"closed","template":"","meta":{"spay_email":""},"jetpack_sharing_enabled":true,"jetpack_shortlink":"https:\/\/wp.me\/PawkJb-t","_links":{"self":[{"href":"http:\/\/hojas.co.at\/blog\/wp-json\/wp\/v2\/pages\/29"}],"collection":[{"href":"http:\/\/hojas.co.at\/blog\/wp-json\/wp\/v2\/pages"}],"about":[{"href":"http:\/\/hojas.co.at\/blog\/wp-json\/wp\/v2\/types\/page"}],"author":[{"embeddable":true,"href":"http:\/\/hojas.co.at\/blog\/wp-json\/wp\/v2\/users\/1"}],"replies":[{"embeddable":true,"href":"http:\/\/hojas.co.at\/blog\/wp-json\/wp\/v2\/comments?post=29"}],"version-history":[{"count":32,"href":"http:\/\/hojas.co.at\/blog\/wp-json\/wp\/v2\/pages\/29\/revisions"}],"predecessor-version":[{"id":1640,"href":"http:\/\/hojas.co.at\/blog\/wp-json\/wp\/v2\/pages\/29\/revisions\/1640"}],"wp:attachment":[{"href":"http:\/\/hojas.co.at\/blog\/wp-json\/wp\/v2\/media?parent=29"}],"curies":[{"name":"wp","href":"https:\/\/api.w.org\/{rel}","templated":true}]}}